{"id":1306115,"date":"2022-11-09T17:00:54","date_gmt":"2022-11-09T16:00:54","guid":{"rendered":"https:\/\/we-search.be\/?page_id=1306115"},"modified":"2022-11-09T17:00:57","modified_gmt":"2022-11-09T16:00:57","slug":"la-publication-2022","status":"publish","type":"page","link":"https:\/\/we-search.be\/index.php\/la-publication-2022\/","title":{"rendered":"La publication 2022"},"content":{"rendered":"<div id=\"pl-gb1306115-69e1b5e45c494\"  class=\"panel-layout\" ><div id=\"pg-gb1306115-69e1b5e45c494-0\"  class=\"panel-grid panel-has-style\" ><div class=\"siteorigin-panels-stretch panel-row-style panel-row-style-for-gb1306115-69e1b5e45c494-0\" data-stretch-type=\"full\" ><div id=\"pgc-gb1306115-69e1b5e45c494-0-0\"  class=\"panel-grid-cell\" ><div id=\"panel-gb1306115-69e1b5e45c494-0-0-0\" class=\"so-panel widget widget_sow-editor panel-first-child\" data-index=\"0\" ><div class=\"panel-widget-style panel-widget-style-for-gb1306115-69e1b5e45c494-0-0-0\" ><div\n\t\t\t\n\t\t\tclass=\"so-widget-sow-editor so-widget-sow-editor-base\"\n\t\t\t\n\t\t>\n<div class=\"siteorigin-widget-tinymce textwidget\">\n\t<\/div>\n<\/div><\/div><\/div><div id=\"panel-gb1306115-69e1b5e45c494-0-0-1\" class=\"so-panel widget widget_sow-headline\" data-index=\"1\" ><div\n\t\t\t\n\t\t\tclass=\"so-widget-sow-headline so-widget-sow-headline-default-0832d3a1ef8b-1306115\"\n\t\t\t\n\t\t><div class=\"sow-headline-container \">\n\t\t\t\t\t\t\t<h1 class=\"sow-headline\">\n\t\t\t\t\t\tLe titre : \u00ab\u00a0Les enjeux de la soci\u00e9t\u00e9 post-pand\u00e9mique\u00a0\u00bb\t\t\t\t\t\t<\/h1>\n\t\t\t\t\t\t<\/div>\n<\/div><\/div><div id=\"panel-gb1306115-69e1b5e45c494-0-0-2\" class=\"so-panel widget widget_sow-editor panel-last-child\" data-index=\"2\" ><div class=\"panel-widget-style panel-widget-style-for-gb1306115-69e1b5e45c494-0-0-2\" ><div\n\t\t\t\n\t\t\tclass=\"so-widget-sow-editor so-widget-sow-editor-base\"\n\t\t\t\n\t\t>\n<div class=\"siteorigin-widget-tinymce textwidget\">\n\t<blockquote>\n<p>En 2022 ont \u00e9t\u00e9 lanc\u00e9s <strong>deux appels \u00e0 contributions<\/strong> en parall\u00e8le: le premier, d\u00e9j\u00e0 initi\u00e9 au d\u00e9but de l&rsquo;ann\u00e9e scolaire 2021, visait \u00e0 proposer aux \u00e9coles secondaires d&rsquo;inviter leurs <strong>\u00e9l\u00e8ves de rh\u00e9torique<\/strong> \u00e0 \u00e9crire un r\u00e9sum\u00e9 de leur TFE pour le Journal 2022; le deuxi\u00e8me, consistait en un appel \u00e0 contribution plus large, diffus\u00e9 vers les <strong>\u00e9tudiants du sup\u00e9rieur<\/strong>. Apr\u00e8s un processus de r\u00e9vision comp\u00e9titif, 12 articles, dont 4 d&rsquo;\u00e9l\u00e8ves de secondaire, ont \u00e9t\u00e9 s\u00e9lectionn\u00e9 pour cette revue.<\/p>\n<p>A la lecture de ceux-ci, semblent ressortir deux th\u00e8mes: d&rsquo;une part, les questions relatives au <strong>climat<\/strong>, et d&rsquo;autre part, les <strong>mobilisations sociales<\/strong>; \u00e0 ceux-ci s&rsquo;ajoutent divers articles relatifs \u00e0 la vie politique et sociale, \u00e0 l&rsquo;\u00e9conomie, \u00e0 l&rsquo;\u00e9thique, au genre et \u00e0 l&rsquo;histoire&#8230; Nous vous proposons de d\u00e9couvrir ces <strong>mises en d\u00e9bat toutes \u00e9minemment actuelles<\/strong>, propos\u00e9e par nos contributeurs. F\u00e9licitations \u00e0 eux!<\/p>\n<\/blockquote>\n<\/div>\n<\/div><\/div><\/div><\/div><\/div><\/div><div id=\"pg-gb1306115-69e1b5e45c494-1\"  class=\"panel-grid panel-no-style\" ><div id=\"pgc-gb1306115-69e1b5e45c494-1-0\"  class=\"panel-grid-cell\" ><div id=\"panel-gb1306115-69e1b5e45c494-1-0-0\" class=\"so-panel widget widget_sow-editor panel-first-child\" data-index=\"3\" ><div\n\t\t\t\n\t\t\tclass=\"so-widget-sow-editor so-widget-sow-editor-base\"\n\t\t\t\n\t\t>\n<div class=\"siteorigin-widget-tinymce textwidget\">\n\t<p>Les articles qui composent ce num\u00e9ro sont les suivants. Ils sont t\u00e9l\u00e9chargeables individuellement en pdf en cliquant sur leur titre.<\/p>\n<ul>\n<li><a href=\"https:\/\/we-search.be\/wp-content\/uploads\/2022\/11\/Noel_2022.pdf\" target=\"_blank\" rel=\"noopener\"><em>Quelle est la place de l&#8217;emballage plastique alimentaire en Occident dans la consommation durable?<\/em><\/a> &#8211; par Constance No\u00ebl<\/li>\n<li><a href=\"https:\/\/we-search.be\/wp-content\/uploads\/2022\/11\/Duplat_2022.pdf\" target=\"_blank\" rel=\"noopener\"><i>Le Vortex de d\u00e9chets du Pacifique Nord, un probl\u00e8me noy\u00e9 <\/i><\/a>&#8211; par Oscar Duplat<\/li>\n<li><em><a href=\"https:\/\/we-search.be\/wp-content\/uploads\/2022\/11\/Otto_2022.pdf\" target=\"_blank\" rel=\"noopener\">Quel est le rapport r\u00e9el des voitures \u00e0 \u00e9nergie \u00e9lectrique et l\u2019\u00e9cologie ?<\/a> &#8211;\u00a0<\/em>par Aleksandra Otto<\/li>\n<li><em><a href=\"https:\/\/we-search.be\/wp-content\/uploads\/2022\/11\/Gaussin_2022.pdf\" target=\"_blank\" rel=\"noopener\">Le manga sh\u014djo et la construction de la girl culture au japon<\/a> &#8211;\u00a0<\/em>par Romain Gaussin<\/li>\n<li><em><a href=\"https:\/\/we-search.be\/wp-content\/uploads\/2022\/11\/Claessens_2022.pdf\" target=\"_blank\" rel=\"noopener\">\u00c9pigraphie religieuse : le cas de Thuburbo Maio<\/a> &#8211;\u00a0<\/em>par Jane Claessens<\/li>\n<li><em><a href=\"https:\/\/we-search.be\/wp-content\/uploads\/2022\/11\/Balthazar_2022.pdf\" target=\"_blank\" rel=\"noopener\">Max Weber, le savant et le politique: compte rendu de lecture<\/a>\u00a0<\/em>&#8211; par Juliette Balthazar<\/li>\n<li><em><a href=\"https:\/\/we-search.be\/wp-content\/uploads\/2022\/11\/Verheugen_2022.pdf\" target=\"_blank\" rel=\"noopener\">La centralit\u00e9 du cabinet minist\u00e9riel dans le policymaking belge : analyse d&rsquo;une r\u00e9sistance structurelle<\/a> &#8211; par <\/em>J\u00e9r\u00f4me Verheugen<\/li>\n<li><em><a href=\"https:\/\/we-search.be\/wp-content\/uploads\/2022\/11\/Cholet_2022.pdf\" target=\"_blank\" rel=\"noopener\">Dissuasion nucl\u00e9aire et multipolarit\u00e9: l\u2019histoire d\u2019une obsolescence programm\u00e9e ?<\/a> <\/em>&#8211; par Th\u00e9o Cholet<\/li>\n<li><em><a href=\"https:\/\/we-search.be\/wp-content\/uploads\/2022\/11\/Amghar_2022.pdf\" target=\"_blank\" rel=\"noopener\">L\u2019euthanasie, choisir sa mort est-il un droit ?<\/a> &#8211; <\/em>par Meryem Amghar<\/li>\n<li><em><a href=\"https:\/\/we-search.be\/wp-content\/uploads\/2022\/11\/Kuissu_2022.pdf\" target=\"_blank\" rel=\"noopener\">Analyse de l\u2019efficacit\u00e9 de l\u2019humanitaire 2.0 comme strat\u00e9gie de mobilisation d\u2019urgence \u00e0 l\u2019\u00e8re des influenceurs : cas de la #lovearmy# dans le cadre de la famine en Somalie (2017)<\/a> &#8211; <\/em>par Maria Ga\u00eblle Kuissu<\/li>\n<li><em><a href=\"https:\/\/we-search.be\/wp-content\/uploads\/2022\/11\/Nivert-et-al_2022.pdf\" target=\"_blank\" rel=\"noopener\">Comment les nouvelles g\u00e9n\u00e9rations r\u00e9inventent les modes d\u2019actions sociale<\/a> &#8211;\u00a0<\/em>par Oriane Nivert, Paul Rebuff\u00e9, Lise Auguin et Clarisse Goullioud<\/li>\n<li><em><a href=\"https:\/\/we-search.be\/wp-content\/uploads\/2022\/11\/Millet_2022.pdf\" target=\"_blank\" rel=\"noopener\">Pourquoi miser sur l&rsquo;avenir du Bitcoin et de la cryptomonnaie en g\u00e9n\u00e9ral ?<\/a> &#8211;\u00a0<\/em>par Alexandre Millet<\/li>\n<\/ul>\n<p>Vous retrouvez ce <strong>cinqui\u00e8me num\u00e9ro<\/strong> de We-Search Journal au complet ci-dessous. Le magazine est \u00e9galement disponible \u00e0 l&rsquo;achat au prix de 10\u20ac. Merci de prendre contact avec <a href=\"mailto:pauline@we-search.be\"><span style=\"text-decoration: underline\">pauline@we-search.be<\/span><\/a> pour toute commande.<\/p>\n<\/div>\n<\/div><\/div><div id=\"panel-gb1306115-69e1b5e45c494-1-0-1\" class=\"widget_text so-panel widget widget_custom_html panel-last-child\" data-index=\"4\" ><div class=\"textwidget custom-html-widget\"><iframe loading=\"lazy\" class=\"wonderplugin-pdf-iframe\" src=\"https:\/\/we-search.be\/wp-content\/plugins\/wonderplugin-pdf-embed\/pdfjslight\/web\/viewer.html?v=2&#038;file=https:\/\/we-search.be\/wp-content\/uploads\/2022\/11\/WS-Journal-2022_finalweb.pdf\" width=\"100%\" height=\"600px\" style=\"border:0;\"><\/iframe><\/div><\/div><\/div><\/div><\/div><span class=\"et_bloom_bottom_trigger\"><\/span>","protected":false},"excerpt":{"rendered":"<p>En 2022 ont \u00e9t\u00e9 lanc\u00e9s deux appels \u00e0 contributions en parall\u00e8le: le premier, d\u00e9j\u00e0 initi\u00e9 au d\u00e9but de l&rsquo;ann\u00e9e scolaire 2021, visait \u00e0 proposer aux \u00e9coles secondaires d&rsquo;inviter leurs \u00e9l\u00e8ves<a class=\"moretag\" href=\"https:\/\/we-search.be\/index.php\/la-publication-2022\/\"><span class=\"screen-reader-text\">En savoir plus surLa publication 2022<\/span>[&#8230;]<\/a><\/p>\n","protected":false},"author":4,"featured_media":0,"parent":0,"menu_order":0,"comment_status":"closed","ping_status":"closed","template":"","meta":{"jetpack_post_was_ever_published":false,"footnotes":""},"class_list":["post-1306115","page","type-page","status-publish","hentry"],"jetpack_sharing_enabled":true,"jetpack_shortlink":"https:\/\/wp.me\/P9cJNf-5tMn","jetpack_likes_enabled":true,"jetpack-related-posts":[],"_links":{"self":[{"href":"https:\/\/we-search.be\/index.php\/wp-json\/wp\/v2\/pages\/1306115","targetHints":{"allow":["GET"]}}],"collection":[{"href":"https:\/\/we-search.be\/index.php\/wp-json\/wp\/v2\/pages"}],"about":[{"href":"https:\/\/we-search.be\/index.php\/wp-json\/wp\/v2\/types\/page"}],"author":[{"embeddable":true,"href":"https:\/\/we-search.be\/index.php\/wp-json\/wp\/v2\/users\/4"}],"replies":[{"embeddable":true,"href":"https:\/\/we-search.be\/index.php\/wp-json\/wp\/v2\/comments?post=1306115"}],"version-history":[{"count":4,"href":"https:\/\/we-search.be\/index.php\/wp-json\/wp\/v2\/pages\/1306115\/revisions"}],"predecessor-version":[{"id":1763584,"href":"https:\/\/we-search.be\/index.php\/wp-json\/wp\/v2\/pages\/1306115\/revisions\/1763584"}],"wp:attachment":[{"href":"https:\/\/we-search.be\/index.php\/wp-json\/wp\/v2\/media?parent=1306115"}],"curies":[{"name":"wp","href":"https:\/\/api.w.org\/{rel}","templated":true}]}}