{"id":1763554,"date":"2023-12-18T11:48:26","date_gmt":"2023-12-18T10:48:26","guid":{"rendered":"https:\/\/we-search.be\/?page_id=1763554"},"modified":"2023-12-18T11:55:55","modified_gmt":"2023-12-18T10:55:55","slug":"la-publication-2023","status":"publish","type":"page","link":"https:\/\/we-search.be\/index.php\/la-publication-2023\/","title":{"rendered":"La publication 2023"},"content":{"rendered":"<div id=\"pl-gb1763554-69f5a58b1f063\"  class=\"panel-layout\" ><div id=\"pg-gb1763554-69f5a58b1f063-0\"  class=\"panel-grid panel-has-style\" ><div class=\"siteorigin-panels-stretch panel-row-style panel-row-style-for-gb1763554-69f5a58b1f063-0\" data-stretch-type=\"full\" ><div id=\"pgc-gb1763554-69f5a58b1f063-0-0\"  class=\"panel-grid-cell\" ><div id=\"panel-gb1763554-69f5a58b1f063-0-0-0\" class=\"so-panel widget widget_sow-editor panel-first-child\" data-index=\"0\" ><div class=\"panel-widget-style panel-widget-style-for-gb1763554-69f5a58b1f063-0-0-0\" ><div\n\t\t\t\n\t\t\tclass=\"so-widget-sow-editor so-widget-sow-editor-base\"\n\t\t\t\n\t\t>\n<div class=\"siteorigin-widget-tinymce textwidget\">\n\t<\/div>\n<\/div><\/div><\/div><div id=\"panel-gb1763554-69f5a58b1f063-0-0-1\" class=\"so-panel widget widget_sow-headline\" data-index=\"1\" ><div\n\t\t\t\n\t\t\tclass=\"so-widget-sow-headline so-widget-sow-headline-default-0832d3a1ef8b-1763554\"\n\t\t\t\n\t\t><div class=\"sow-headline-container \">\n\t\t\t\t\t\t\t<h1 class=\"sow-headline\">\n\t\t\t\t\t\tLe titre : \u00ab\u00a0Entre d\u00e9bats s\u00e9culaires et enjeux contemporains\u00a0\u00bb\t\t\t\t\t\t<\/h1>\n\t\t\t\t\t\t<\/div>\n<\/div><\/div><div id=\"panel-gb1763554-69f5a58b1f063-0-0-2\" class=\"so-panel widget widget_sow-editor panel-last-child\" data-index=\"2\" ><div class=\"panel-widget-style panel-widget-style-for-gb1763554-69f5a58b1f063-0-0-2\" ><div\n\t\t\t\n\t\t\tclass=\"so-widget-sow-editor so-widget-sow-editor-base\"\n\t\t\t\n\t\t>\n<div class=\"siteorigin-widget-tinymce textwidget\">\n\t<blockquote>\n<p>La revue 2023 r\u00e9unit des contributions vari\u00e9es qui touchent \u00e0 diverses th\u00e9matiques toutes passionnantes. Comme en 2022, les \u00e9tudiant.e.s d\u00e9montrent leur <strong>int\u00e9r\u00eat continu pour les questions environnementales,\u00a0<\/strong>clairement porteuses d&rsquo;enjeux pour leur futur citoyen. Les questions du <strong>genre<\/strong>, du <strong>nationalisme<\/strong> mais \u00e9galement de l&rsquo;<strong>impact des r\u00e9seaux sur le bien-\u00eatre<\/strong> sont \u00e9galement pr\u00e9sentes, faisant la part belle \u00e0 des r\u00e9flexions ancestrales autant qu&rsquo;actuelles. La revue se conclut par un article traitant du <strong>progr\u00e8s<\/strong>. Des \u00e9volutions de la langue fran\u00e7aise, aux enqu\u00eates de terrain sur l&rsquo;\u00e9ducation et la sensibilisation des jeunes aux enjeux environnementaux, cette revue ne traite-t-elle en fait pas enti\u00e8rement de cette m\u00eame question: <strong>de quoi sera fait demain?\u00a0<\/strong><\/p>\n<p><strong>Nous vous souhaitons une bonne lecture et f\u00e9licitons les contributrices et contributeurs de leur participation \u00e0 cette belle nouvelle \u00e9dition !<\/strong><\/p>\n<\/blockquote>\n<\/div>\n<\/div><\/div><\/div><\/div><\/div><\/div><div id=\"pg-gb1763554-69f5a58b1f063-1\"  class=\"panel-grid panel-no-style\" ><div id=\"pgc-gb1763554-69f5a58b1f063-1-0\"  class=\"panel-grid-cell\" ><div id=\"panel-gb1763554-69f5a58b1f063-1-0-0\" class=\"widget_text so-panel widget widget_custom_html panel-first-child panel-last-child\" data-index=\"3\" ><div class=\"textwidget custom-html-widget\"><iframe loading=\"lazy\" class=\"wonderplugin-pdf-iframe\" src=\"https:\/\/we-search.be\/wp-content\/plugins\/wonderplugin-pdf-embed\/pdfjslight\/web\/viewer.html?v=2&#038;file=https:\/\/we-search.be\/wp-content\/uploads\/2023\/12\/WS-Journal-2023-vfdigital.pdf\" width=\"100%\" height=\"600px\" style=\"border:0;\"><\/iframe><\/div><\/div><\/div><\/div><\/div><span class=\"et_bloom_bottom_trigger\"><\/span>","protected":false},"excerpt":{"rendered":"<p>La revue 2023 r\u00e9unit des contributions vari\u00e9es qui touchent \u00e0 diverses th\u00e9matiques toutes passionnantes. Comme en 2022, les \u00e9tudiant.e.s d\u00e9montrent leur int\u00e9r\u00eat continu pour les questions environnementales,\u00a0clairement porteuses d&rsquo;enjeux pour<a class=\"moretag\" href=\"https:\/\/we-search.be\/index.php\/la-publication-2023\/\"><span class=\"screen-reader-text\">En savoir plus surLa publication 2023<\/span>[&#8230;]<\/a><\/p>\n","protected":false},"author":4,"featured_media":0,"parent":0,"menu_order":0,"comment_status":"closed","ping_status":"closed","template":"","meta":{"jetpack_post_was_ever_published":false,"footnotes":""},"class_list":["post-1763554","page","type-page","status-publish","hentry"],"jetpack_sharing_enabled":true,"jetpack_shortlink":"https:\/\/wp.me\/P9cJNf-7oMq","jetpack_likes_enabled":true,"jetpack-related-posts":[],"_links":{"self":[{"href":"https:\/\/we-search.be\/index.php\/wp-json\/wp\/v2\/pages\/1763554","targetHints":{"allow":["GET"]}}],"collection":[{"href":"https:\/\/we-search.be\/index.php\/wp-json\/wp\/v2\/pages"}],"about":[{"href":"https:\/\/we-search.be\/index.php\/wp-json\/wp\/v2\/types\/page"}],"author":[{"embeddable":true,"href":"https:\/\/we-search.be\/index.php\/wp-json\/wp\/v2\/users\/4"}],"replies":[{"embeddable":true,"href":"https:\/\/we-search.be\/index.php\/wp-json\/wp\/v2\/comments?post=1763554"}],"version-history":[{"count":6,"href":"https:\/\/we-search.be\/index.php\/wp-json\/wp\/v2\/pages\/1763554\/revisions"}],"predecessor-version":[{"id":2343816,"href":"https:\/\/we-search.be\/index.php\/wp-json\/wp\/v2\/pages\/1763554\/revisions\/2343816"}],"wp:attachment":[{"href":"https:\/\/we-search.be\/index.php\/wp-json\/wp\/v2\/media?parent=1763554"}],"curies":[{"name":"wp","href":"https:\/\/api.w.org\/{rel}","templated":true}]}}

<div id="pl-gb1763554-69f5a58b1f063"  class="panel-layout" ><div id="pg-gb1763554-69f5a58b1f063-0"  class="panel-grid panel-has-style" ><div class="siteorigin-panels-stretch panel-row-style panel-row-style-for-gb1763554-69f5a58b1f063-0" data-stretch-type="full" ><div id="pgc-gb1763554-69f5a58b1f063-0-0"  class="panel-grid-cell" ><div id="panel-gb1763554-69f5a58b1f063-0-0-0" class="so-panel widget widget_sow-editor panel-first-child" data-index="0" ><div class="panel-widget-style panel-widget-style-for-gb1763554-69f5a58b1f063-0-0-0" ><div
			
			class="so-widget-sow-editor so-widget-sow-editor-base"
			
		>
<div class="siteorigin-widget-tinymce textwidget">
	</div>
</div></div></div><div id="panel-gb1763554-69f5a58b1f063-0-0-1" class="so-panel widget widget_sow-headline" data-index="1" ><div
			
			class="so-widget-sow-headline so-widget-sow-headline-default-0832d3a1ef8b-1763554"
			
		><div class="sow-headline-container ">
							<h1 class="sow-headline">
						Le titre : « Entre débats séculaires et enjeux contemporains »						</h1>
						</div>
</div></div><div id="panel-gb1763554-69f5a58b1f063-0-0-2" class="so-panel widget widget_sow-editor panel-last-child" data-index="2" ><div class="panel-widget-style panel-widget-style-for-gb1763554-69f5a58b1f063-0-0-2" ><div
			
			class="so-widget-sow-editor so-widget-sow-editor-base"
			
		>
<div class="siteorigin-widget-tinymce textwidget">
	<blockquote>
<p>La revue 2023 réunit des contributions variées qui touchent à diverses thématiques toutes passionnantes. Comme en 2022, les étudiant.e.s démontrent leur <strong>intérêt continu pour les questions environnementales, </strong>clairement porteuses d&rsquo;enjeux pour leur futur citoyen. Les questions du <strong>genre</strong>, du <strong>nationalisme</strong> mais également de l&rsquo;<strong>impact des réseaux sur le bien-être</strong> sont également présentes, faisant la part belle à des réflexions ancestrales autant qu&rsquo;actuelles. La revue se conclut par un article traitant du <strong>progrès</strong>. Des évolutions de la langue française, aux enquêtes de terrain sur l&rsquo;éducation et la sensibilisation des jeunes aux enjeux environnementaux, cette revue ne traite-t-elle en fait pas entièrement de cette même question: <strong>de quoi sera fait demain? </strong></p>
<p><strong>Nous vous souhaitons une bonne lecture et félicitons les contributrices et contributeurs de leur participation à cette belle nouvelle édition !</strong></p>
</blockquote>
</div>
</div></div></div></div></div></div><div id="pg-gb1763554-69f5a58b1f063-1"  class="panel-grid panel-no-style" ><div id="pgc-gb1763554-69f5a58b1f063-1-0"  class="panel-grid-cell" ><div id="panel-gb1763554-69f5a58b1f063-1-0-0" class="widget_text so-panel widget widget_custom_html panel-first-child panel-last-child" data-index="3" ><div class="textwidget custom-html-widget"><iframe loading="lazy" class="wonderplugin-pdf-iframe" src="https://we-search.be/wp-content/plugins/wonderplugin-pdf-embed/pdfjslight/web/viewer.html?v=2&#038;file=https://we-search.be/wp-content/uploads/2023/12/WS-Journal-2023-vfdigital.pdf" width="100%" height="600px" style="border:0;"></iframe></div></div></div></div></div><span class="et_bloom_bottom_trigger"></span>

<p>La revue 2023 réunit des contributions variées qui touchent à diverses thématiques toutes passionnantes. Comme en 2022, les étudiant.e.s démontrent leur intérêt continu pour les questions environnementales, clairement porteuses d&rsquo;enjeux pour<a class="moretag" href="https://we-search.be/index.php/la-publication-2023/"><span class="screen-reader-text">En savoir plus surLa publication 2023</span>[&#8230;]</a></p>
