{"id":487571,"date":"2019-09-20T19:54:59","date_gmt":"2019-09-20T17:54:59","guid":{"rendered":"http:\/\/we-search.be\/?page_id=487571"},"modified":"2021-12-10T15:29:20","modified_gmt":"2021-12-10T14:29:20","slug":"la-publication-2019","status":"publish","type":"page","link":"https:\/\/we-search.be\/index.php\/la-publication-2019\/","title":{"rendered":"La publication 2019"},"content":{"rendered":"<div id=\"pl-487571\"  class=\"panel-layout\" ><div id=\"pg-487571-0\"  class=\"panel-grid panel-has-style\" ><div class=\"siteorigin-panels-stretch panel-row-style panel-row-style-for-487571-0\" data-stretch-type=\"full\" ><div id=\"pgc-487571-0-0\"  class=\"panel-grid-cell\" ><div id=\"panel-487571-0-0-0\" class=\"so-panel widget widget_sow-editor panel-first-child\" data-index=\"0\" ><div class=\"panel-widget-style panel-widget-style-for-487571-0-0-0\" ><div\n\t\t\t\n\t\t\tclass=\"so-widget-sow-editor so-widget-sow-editor-base\"\n\t\t\t\n\t\t>\n<div class=\"siteorigin-widget-tinymce textwidget\">\n\t<\/div>\n<\/div><\/div><\/div><div id=\"panel-487571-0-0-1\" class=\"so-panel widget widget_sow-headline\" data-index=\"1\" ><div\n\t\t\t\n\t\t\tclass=\"so-widget-sow-headline so-widget-sow-headline-default-0832d3a1ef8b-487571\"\n\t\t\t\n\t\t><div class=\"sow-headline-container \">\n\t\t\t\t\t\t\t<h1 class=\"sow-headline\">\n\t\t\t\t\t\tLe th\u00e8me : \"Migrations\"\t\t\t\t\t\t<\/h1>\n\t\t\t\t\t\t<\/div>\n<\/div><\/div><div id=\"panel-487571-0-0-2\" class=\"so-panel widget widget_sow-editor panel-last-child\" data-index=\"2\" ><div class=\"panel-widget-style panel-widget-style-for-487571-0-0-2\" ><div\n\t\t\t\n\t\t\tclass=\"so-widget-sow-editor so-widget-sow-editor-base\"\n\t\t\t\n\t\t>\n<div class=\"siteorigin-widget-tinymce textwidget\">\n\t<blockquote>\n<p><span style=\"color: #ffffff\"><span class=\"TextRun SCXW244656505\" lang=\"FR-FR\" xml:lang=\"FR-FR\"><span class=\"NormalTextRun SCXW244656505\">Depuis plusieurs ann\u00e9es, la question de l\u2019immigration est devenue<strong> incontournable sur la sc\u00e8ne m\u00e9diatique et politique<\/strong>, notamment celle de la \u201ccrise des r\u00e9fugi\u00e9s\u201d. Vraie probl\u00e9matique de soci\u00e9t\u00e9, elle est trait\u00e9e de nombreuses mani\u00e8res, g\u00e9n\u00e9rant une forme de <strong>polarisation de la soci\u00e9t\u00e9<\/strong>. Qu\u2019en est-il<\/span><\/span><span class=\"TextRun SCXW244656505\" lang=\"FR-FR\" xml:lang=\"FR-FR\"><span class=\"NormalTextRun SCXW244656505\">\u00a0<\/span><\/span><span class=\"TextRun SCXW244656505\" lang=\"FR-FR\" xml:lang=\"FR-FR\"><span class=\"NormalTextRun SCXW244656505\">? Quels \u00e9clairages l\u2019\u00e9tude de ce th\u00e8me par les chercheurs peuvent-ils apporter au d\u00e9bat soci\u00e9tal<\/span><\/span><span class=\"TextRun SCXW244656505\" lang=\"FR-FR\" xml:lang=\"FR-FR\"><span class=\"NormalTextRun SCXW244656505\">\u00a0<\/span><\/span><span class=\"TextRun SCXW244656505\" lang=\"FR-FR\" xml:lang=\"FR-FR\"><span class=\"NormalTextRun SCXW244656505\">?<\/span><\/span><\/span><\/p>\n<\/blockquote>\n<\/div>\n<\/div><\/div><\/div><\/div><\/div><\/div><div id=\"pg-487571-1\"  class=\"panel-grid panel-no-style\" ><div id=\"pgc-487571-1-0\"  class=\"panel-grid-cell\" ><div id=\"panel-487571-1-0-0\" class=\"so-panel widget widget_sow-editor panel-first-child\" data-index=\"3\" ><div\n\t\t\t\n\t\t\tclass=\"so-widget-sow-editor so-widget-sow-editor-base\"\n\t\t\t\n\t\t>\n<div class=\"siteorigin-widget-tinymce textwidget\">\n\t<p>Encore une fois, le projet visait \u00e0 aborder le th\u00e8me de cette revue \u00e0 travers diff\u00e9rents prismes. Le th\u00e8me \u00e9tait plus que jamais engag\u00e9, au vu de l'actualit\u00e9 politique. <a href=\"http:\/\/we-search.be\/index.php\/event\/bufference-2019-migrations\/\">La \"buff\u00e9rence\" organis\u00e9e le 9 mars 2019<\/a> fut donc particuli\u00e8rement nourrie en d\u00e9bats de soci\u00e9t\u00e9. En effet, nous avons pu compter sur la pr\u00e9sence d'Adriana Costa Santos de la <a href=\"http:\/\/www.bxlrefugees.be\/\">Plateforme citoyenne de Soutien aux R\u00e9fugi\u00e9s,<\/a> et avec la participation de <a href=\"http:\/\/engagee.ulb.be\/migration-au-dela-des-prejuges\/\">Migration au-del\u00e0 des Pr\u00e9jug\u00e9s.<\/a><\/p>\n<p>&nbsp;<\/p>\n<p>Vous retrouvez ce <strong>troisi\u00e8me num\u00e9ro<\/strong> de We-Search Journal ci-dessous.<\/p>\n<\/div>\n<\/div><\/div><div id=\"panel-487571-1-0-1\" class=\"widget_text so-panel widget widget_custom_html panel-last-child\" data-index=\"4\" ><div class=\"textwidget custom-html-widget\"><iframe loading=\"lazy\" class=\"wonderplugin-pdf-iframe\" src=\"https:\/\/we-search.be\/wp-content\/plugins\/wonderplugin-pdf-embed\/pdfjslight\/web\/viewer.html?v=2&file=https:\/\/we-search.be\/wp-content\/uploads\/2021\/12\/WeSearch-2019_DEF4.pdf\" width=\"100%\" height=\"600px\" style=\"border:0;\"><\/iframe><\/div><\/div><\/div><\/div><\/div><span class=\"et_bloom_bottom_trigger\"><\/span>","protected":false},"excerpt":{"rendered":"<p>Depuis plusieurs ann\u00e9es, la question de l\u2019immigration est devenue incontournable sur la sc\u00e8ne m\u00e9diatique et politique, notamment celle de la \u201ccrise des r\u00e9fugi\u00e9s\u201d. Vraie probl\u00e9matique de soci\u00e9t\u00e9, elle est trait\u00e9e<a class=\"moretag\" href=\"https:\/\/we-search.be\/index.php\/la-publication-2019\/\"><span class=\"screen-reader-text\">En savoir plus surLa publication 2019<\/span>[&#8230;]<\/a><\/p>\n","protected":false},"author":4,"featured_media":0,"parent":0,"menu_order":0,"comment_status":"closed","ping_status":"closed","template":"","meta":{"jetpack_post_was_ever_published":false,"footnotes":""},"class_list":["post-487571","page","type-page","status-publish","hentry"],"jetpack_sharing_enabled":true,"jetpack_shortlink":"https:\/\/wp.me\/P9cJNf-22Q3","jetpack_likes_enabled":true,"jetpack-related-posts":[],"_links":{"self":[{"href":"https:\/\/we-search.be\/index.php\/wp-json\/wp\/v2\/pages\/487571","targetHints":{"allow":["GET"]}}],"collection":[{"href":"https:\/\/we-search.be\/index.php\/wp-json\/wp\/v2\/pages"}],"about":[{"href":"https:\/\/we-search.be\/index.php\/wp-json\/wp\/v2\/types\/page"}],"author":[{"embeddable":true,"href":"https:\/\/we-search.be\/index.php\/wp-json\/wp\/v2\/users\/4"}],"replies":[{"embeddable":true,"href":"https:\/\/we-search.be\/index.php\/wp-json\/wp\/v2\/comments?post=487571"}],"version-history":[{"count":7,"href":"https:\/\/we-search.be\/index.php\/wp-json\/wp\/v2\/pages\/487571\/revisions"}],"predecessor-version":[{"id":543270,"href":"https:\/\/we-search.be\/index.php\/wp-json\/wp\/v2\/pages\/487571\/revisions\/543270"}],"wp:attachment":[{"href":"https:\/\/we-search.be\/index.php\/wp-json\/wp\/v2\/media?parent=487571"}],"curies":[{"name":"wp","href":"https:\/\/api.w.org\/{rel}","templated":true}]}}